se 14) to base 9
-13177
Convert 18a58 (base 11) to base 10.
26562
Convert -619 (base 12) to base 5.
-12020
What is 2301131 (base 4) in base 16?
2c5d
What is 1a9 (base 13) in base 12?
218
What is -2a9a (base 11) in base 14?
-1645
-537 (base 10) to base 15
-25c
Convert -576 (base 8) to base 16.
-17e
Convert -645 (base 10) to base 4.
-22011
4041 (base 5) to base 6
2225
What is -140300 (base 7) in base 16?
-67be
Convert 3310342 (base 5) to base 8.
157214
-163 (base 9) to base 2
-10001010
Convert 1d10 (base 14) to base 2.
1010010111010
What is 184 (base 16) in base 7?
1063
c873 (base 15) to base 11
29953
-5eb0 (base 15) to base 13
-9261
Convert -128 (base 16) to base 6.
-1212
What is 203230 (base 4) in base 8?
4354
What is 4244 (base 5) in base 3?
210021
What is -34515 (base 6) in base 12?
-2a3b
Convert 138 (base 9) to base 10.
116
What is 10001110100 (base 2) in base 7?
3216
Convert -23021 (base 4) to base 7.
-2036
Convert -909 (base 12) to base 4.
-110121
What is -aa9 (base 13) in base 7?
-5222
What is -2106 (base 12) in base 7?
-13341
25661 (base 9) to base 16
439c
Convert -1224 (base 7) to base 8.
-713
-281 (base 10) to base 3
-101102
Convert 1a6 (base 16) to base 8.
646
Convert -2551 (base 9) to base 3.
-2121201
Convert 51aa (base 14) to base 3.
201021222
Convert -14014 (base 8) to base 14.
-235a
63bb (base 12) to base 14
3db9
Convert -323 (base 8) to base 15.
-e1
What is -713 (base 9) in base 11?
-487
-2033100 (base 4) to base 3
-110120120
Convert 110000000000001 (base 2) to base 5.
1241302
-26183 (base 11) to base 14
-d932
-1f9 (base 16) to base 12
-361
101100101001 (base 2) to base 12
17a1
What is 2002 (base 4) in base 12?
aa
Convert -173a0 (base 12) to base 16.
-8268
Convert 3a91 (base 16) to base 8.
35221
What is 112 (base 5) in base 16?
20
ba7 (base 12) to base 15
791
What is 2c2a (base 16) in base 2?
10110000101010
22a4 (base 12) to base 15
122d
What is -232123 (base 4) in base 5?
-43341
Convert -409 (base 11) to base 3.
-200021
What is -310322 (base 4) in base 15?
-100b
What is -1147 (base 11) in base 4?
-113133
Convert 1c35 (base 15) to base 16.
17ed
-10000011001000 (base 2) to base 13
-3a87
Convert -341 (base 12) to base 13.
-2b0
What is 109 (base 16) in base 6?
1121
14995 (base 12) to base 2
111000110000001
-5034 (base 6) to base 5
-13402
Convert 2451 (base 6) to base 4.
21133
What is -3374 (base 9) in base 12?
-1541
Convert 10011222 (base 4) to base 6.
205310
18 (base 16) to base 5
44
Convert -2a73 (base 11) to base 5.
-111302
122030 (base 4) to base 13
9bc
-1b2b0 (base 12) to base 6
-505540
Convert 6184 (base 10) to base 14.
237a
Convert 12624 (base 9) to base 8.
20517
2286 (base 12) to base 6
25450
-2084 (base 11) to base 2
-101011000010
Convert -3b94 (base 13) to base 5.
-233241
What is -4ba8 (base 13) in base 6?
-121533
What is 1500 (base 7) in base 9?
723
Convert -255 (base 12) to base 8.
-541
-1161 (base 7) to base 10
-435
-33566 (base 7) to base 8
-20515
Convert -10010001000 (base 2) to base 8.
-2210
What is 8334 (base 11) in base 9?
16135
What is -647 (base 14) in base 10?
-1239
-232435 (base 7) to base 9
-63211
-1000100000100 (base 2) to base 14
-1832
What is -2258 (base 16) in base 9?
-13048
803 (base 9) to base 15
2d6
Convert -631 (base 11) to base 16.
-2f8
Convert 10201121 (base 3) to base 13.
130c
Convert 3a28 (base 11) to base 9.
7154
What is 1000100111111 (base 2) in base 9?
6045
Convert 1000001 (base 2) to base 9.
72
12161 (base 8) to base 9
7154
15432 (base 6) to base 14
cd6
Convert -5a (base 12) to base 6.
-154
710 (base 9) to base 7
1452
Convert -20102022 (base 3) to base 2.
-1001001000111
1053 (base 9) to base 8
1411
What is 11012101 (base 3) in base 11?
2333
Convert 20285 (base 9) to base 3.
200022212
Convert 1022301 (base 4) to base 13.
2241
-1323 (base 4) to base 13
-96
What is -111111110001 (base 2) in base 4?
-333301
Convert -4535 (base 7) to base 16.
-66b
What is 1101110100 (base 2) in base 3?
1012202
11001010 (base 2) to base 7
406
Convert -1220110201 (base 3) to base 11.
-26211
Convert -2c69 (base 13) to base 12.
-3925
Convert 1234 (base 5) to base 7.
365
Convert 171c8 (base 13) to base 6.
540545
Convert -23b84 (base 13) to base 15.
-146da
321 (base 5) to base 12
72
Convert -202122 (base 3) to base 13.
-33b
What is -a26 (base 14) in base 9?
-2655
-131003 (base 4) to base 2
-11101000011
What is 122112 (base 3) in base 13?
2a5
Convert dbe (base 16) to base 6.
24142
What is -21070 (base 10) in base 4?
-11021032
-2da (base 14) to base 8
-1110
-2321210 (base 4) to base 11
-8a17
Convert 33331 (base 4) to base 8.
1775
Convert 11202121 (base 3) to base 16.
d90
1d605 (base 14) to base 16
12605
Convert 375 (base 8) to base 16.
fd
1747 (base 13) to base 5
102224
Convert -96de (base 15) to base 4.
-13302332
114010 (base 5) to base 2
1000010011111
What is 11040 (base 5) in base 11?
640
2520 (base 6) to base 4
21300
What is -222205 (base 6) in base 16?
-48dd
What is 1121 (base 3) in base 9?
47
What is -1123 (base 11) in base 7?
-4210
Convert -1822 (base 9) to base 11.
-1060
Convert 560 (base 11) to base 8.
1237
215 (base 15) to base 9
572
-8a9 (base 11) to base 2
-10000111111
980 (base 15) to base 7
6153
-3321 (base 4) to base 8
-371
133414 (base 5) to base 4
1111230
Convert -1020 (base 7) to base 16.
-165
10e7 (base 15) to base 12
20b4
What is 251 (base 13) in base 16?
194
-2a7 (base 13) to base 9
-577
Convert -1200200 (base 4) to base 2.
-1100000100000
be (base 16) to base 3
21001
What is 94 (base 13) in base 14?
89
103628 (base 9) to base 12
2b898
What is 11cb (base 13) in base 15?
b3d
279 (base 11) to base 6
1304
-2497b (base 13) to base 10
-67533
Convert 122130 (base 5) to base 13.
217b
What is 3145 (base 12) in base 15?
18db
Convert 30223 (base 4) to base 6.
3431
342 (base 15) to base 7
2102
Convert 8018 (base 11) to base 10.
10667
Convert 10230202 (base 4) to base 5.
1103414
-6962 (base 10) to base 13
-3227
What is 11420 (base 5) in base 2?
1101011100
What is 3210 (base 4) in base 13?
147
1496 (base 14) to base 3
12000120
-20102220 (base 3) to base 10
-4695
Convert 18bd6 (base 14) to base 16.
f4f8
What is 48c (base 16) in base 4?
102030
What is 1219 (base 13) in base 7?
10312
Convert 95 (base 11) to base 13.
80
-11001 (base 2) to base 14
-1b
-101000101 (base 2) to base 10
-325
What is 11012011 (base 3) in base 6?
22051
What is 241 (base 14) in base 4?
13001
Convert 4bba (base 13) to base 6.
122000
-4442 (base 7) to base 8
-3076
Convert -56462 (base 7) to base 5.
-424203
Convert 37 (base 16) to base 2.
110111
-5356 (base 8) to base 12
-1752
-23855 (base 10) to base 11
-16a17
Convert 1011101000 (base 2) to base 16.
2e8
What is 34603 (base 7) in base 4?
2022220
-301131 (base 4) to base 7
-12141
-79cd (base 14) to base 3
-1002000110
Convert 3506 (base 8) to base 7.
5300
What is -a07 (base 13) in base 11?
-1303
16446 (base 9) to base 4
2300211
Convert 221221102 (base 3) to base 14.
6c6b
What is 452 (base 9) in base 10?
371
What is 3350 (base 6) in base 7?
2202
What is -534430 (base 6) in base 15?
-ce99
Convert -781 (base 9) to base 14.
-33a
What is -a0 (base 14) in base 7?
-260
-34534 (base 6) to base 3
-20210111
-843 (base 11) to base 7
-2650
Convert -20233133 (base 4) to base 3.
-1211010012
Convert 1654 (base 7) to base 13.
400
What is -1141253 (base 6) in base 3?
-10001012220
Convert 1011101 (base 2) to base 9.
113
Convert -13071 (base 10) to base 14.
-4a99
Convert 4675 (base 10) to base 14.
19bd
Convert -2406 (base 7) to base 6.
-4040
a0a (base 11) to base 12
858
What is -676 (base 14) in base 10?
-1280
1222110 (base 3) to base 15
663
What is -10514 (base 7) in base 13?
-1295
Convert 30154 (base 7) to base 12.
4277
What is 671 (base 10) in base 8?
1237
-2766 (base 8) to base 9
-2075
What is -1120101 (base 3) in base 8?
-2170
What is -431 (base 13) in base 3?
-222112
Convert -8725 (base 9) to base 3.
-22210212
Convert 1c14 (base 15) to base 6.
44114
Convert -4b68 (base 14) to base 8.
-31650
Convert 10250 (base 7) to base 4.
213212
What is -3385 (base 12) in base 3?
-21211202
What is -13277 (base 11) in base 2?
-100101000010000
Convert 22415 (base 7) to base 4.
1121000
Convert -29a0 (base 12) to base 4.
-1030020
Convert 412233 (base 6) to base 14.
bddb
What is 2011 (base 6) in base 7?
1165
What is 3744 (base 